*2 - 20*f + 4251. What is r(56)?
-5
Let k(r) = 7121*r + 49863. Give k(-7).
16
Let b(g) = -g**2 - 382*g - 8483. Calculate b(-24).
109
Let p(r) = -1238*r - 68. Give p(0).
-68
Let r(c) = -c**3 + 22*c**2 + 73*c - 1971. Give r(21).
3
Let l(v) = 178*v + 2670. Determine l(-15).
0
Let j(l) = -52*l + 121. Give j(0).
121
Let f(p) = p**3 + 50*p**2 - 174*p - 795. Calculate f(-53).
0
Let m(a) = -2*a**3 + 18*a**2 - 41*a + 360. Determine m(9).
-9
Let g(c) = c**3 - 18*c**2 - 6*c - 17. Give g(18).
-125
Let j(h) = -7*h + 97. Give j(3).
76
Let o(y) = 30*y**2 - 19*y - 62. Give o(-2).
96
Let r(l) = -8*l + 43. What is r(4)?
11
Let s(i) = i**2 - 70*i - 794. Determine s(80).
6
Let o(w) = 2*w**3 - 4*w**2 - 818*w + 2443. What is o(3)?
7
Let s(w) = -3*w**2 - 168*w - 2248. Calculate s(-34).
-4
Let d(r) = -r**3 - 47*r**2 - 485*r + 178. Calculate d(-16).
2
Let m(l) = -l**2 + 3*l + 39. Calculate m(-6).
-15
Let o(j) = j - 61. Determine o(-5).
-66
Let a(g) = -g**3 + 3*g**2 + 70*g - 35. Give a(-7).
-35
Let i(l) = l**2 + 51*l + 64. What is i(-50)?
14
Let x(d) = -8*d**3 - 71*d**2 + 43*d + 307. Determine x(-9).
1
Let x(u) = u**3 - 16*u**2 + 28*u + 21. Determine x(14).
21
Let i(s) = 38*s - 1256. Determine i(32).
-40
Let s(h) = -h**2 + 64*h - 607. Give s(26).
381
Let p(j) = 3*j**2 - 77*j - 2260. What is p(43)?
-24
Let y(g) = -g**2 - 16*g + 55. Give y(-19).
-2
Let j(t) = 2*t**3 + 21*t**2 + 14*t + 37. Give j(-10).
-3
Let j(d) = d**2 + 226*d - 20715. What is j(70)?
5
Let c(z) = -189*z + 1894. Calculate c(10).
4
Let j(p) = -79*p - 1. Determine j(1).
-80
Let l(r) = 134*r + 764. Calculate l(-6).
-40
Let p(i) = 78*i - 1028. Give p(13).
-14
Let q(s) = -s**2 + 154*s - 310. Give q(152).
-6
Let z(g) = -2*g**3 - 6*g**2 + 20*g + 32. Give z(-6).
128
Let a(n) = 12844*n + 25682. Determine a(-2).
-6
Let y(k) = -k**2 - 357*k - 26271. Give y(-104).
41
Let i(r) = r**3 - 10*r**2 + 21*r - 81. Determine i(9).
27
Let i(j) = 12*j - 241. Determine i(23).
35
Let v(w) = -w**2 + 22*w + 22. Calculate v(19).
79
Let g(l) = l**3 - 57*l - 11. Give g(8).
45
Let v(u) = 12*u**2 + 2*u - 181. Calculate v(0).
-181
Let g(h) = -h**2 + 135*h + 1236. What is g(-9)?
-60
Let u(k) = k**3 - 22*k**2 + 42*k - 41. Calculate u(20).
-1
Let r(x) = -68*x + 339. Give r(4).
67
Let j(k) = k**3 - 22*k**2 + 89*k - 1020. Give j(20).
-40
Let l(z) = 7*z + 14. What is l(23)?
175
Let v(m) = 60*m - 1016. Give v(16).
-56
Let w(h) = -2*h**2 + 89*h + 45. Calculate w(-10).
-1045
Let f(j) = 179*j - 2415. Give f(16).
449
Let d(k) = 3*k**2 - 96*k + 719. What is d(12)?
-1
Let u(f) = f**2 + 15. Calculate u(-17).
304
Let b(d) = -50*d**3 + 5*d**2 + 6*d + 2. Determine b(-1).
51
Let g(y) = 80*y - 37. Determine g(2).
123
Let n(b) = 2*b**2 + 34*b - 273. What is n(-23)?
3
Let j(l) = -10*l - 268. What is j(-9)?
-178
Let m(h) = h**3 - 12*h**2 - 133*h + 1299. What is m(8)?
-21
Let b(u) = -42*u - 439. What is b(-14)?
149
Let s(p) = -p**3 - 21*p**2 + p - 5. Determine s(0).
-5
Let s(k) = 34*k**2 - 140*k + 21. Determine s(4).
5
Let i(h) = -h**3 - 29*h**2 - 113*h - 919. Determine i(-26).
-9
Let q(n) = -297*n + 4452. Give q(15).
-3
Let s(o) = -9*o - 109. Calculate s(-13).
8
Let t(i) = -33*i - 4688. Determine t(-145).
97
Let p(g) = 19*g - 1085. Give p(56).
-21
Let h(p) = 2*p**2 + 62*p + 298. Determine h(-29).
182
Let l(m) = -5*m**2 - 210*m - 575. Determine l(-39).
10
Let p(j) = 73*j + 3352. What is p(-46)?
-6
Let c(a) = a**3 - 46*a**2 + 45*a + 4. Give c(45).
4
Let f(t) = t**3 - 8*t**2 + t + 6. Calculate f(12).
594
Let i(v) = -26*v - 551. Calculate i(-20).
-31
Let c(i) = i**3 - 26*i**2 - 28*i + 34. Determine c(27).
7
Let d(o) = -2*o**3 - 2*o**2 - 118*o - 244. Calculate d(-2).
0
Let v(o) = -o**3 - 2*o**2 - 3*o + 8. Calculate v(-5).
98
Let u(q) = -q**3 - 16*q**2 + 54*q + 1. Give u(-19).
58
Let b(u) = u**2 - 114*u + 26. Determine b(0).
26
Let z(r) = -r**2 + 92*r + 3501. What is z(-29)?
-8
Let d(t) = t**2 - 151*t + 577. Give d(4).
-11
Let c(h) = h**3 - 180*h**2 + 873*h + 356. What is c(175)?
6
Let h(n) = 45*n + 421. Give h(-14).
-209
Let d(k) = 2*k**2 + 8*k + 73. Calculate d(-6).
97
Let r(d) = -d**2 + 17*d - 140. What is r(21)?
-224
Let b(w) = -3*w**2 - 69*w - 87. Calculate b(-22).
-21
Let k(x) = -3416*x + 40988. What is k(12)?
-4
Let o(n) = -103*n - 1. Give o(-3).
308
Let g(l) = 2*l**3 + 14*l**2 - 34*l + 167. What is g(-10)?
-93
Let q(s) = -s**3 + 12*s**2 + 42*s + 23. Calculate q(15).
-22
Let v(l) = l**3 - 11*l**2 + 83*l - 1166. What is v(12)?
-26
Let s(h) = -h**3 - 2*h**2 + 8*h - 39. Calculate s(-5).
-4
Let c(g) = 22*g - 437. Determine c(16).
-85
Let b(x) = -x**3 + 2*x**2 + 26*x + 4. Determine b(8).
-172
Let a(l) = 32*l**2 + 12*l + 27. Determine a(-3).
279
Let c(v) = 3*v**2 + 49*v + 3. Calculate c(-21).
297
Let m(x) = -21*x - 564. Determine m(-28).
24
Let j(d) = 20*d - 354. Determine j(-2).
-394
Let s(q) = 2*q**2 - 216*q - 515. Give s(110).
-75
Let t(k) = 15*k + 2915. Determine t(-193).
20
Let l(q) = -140*q - 964. Determine l(-7).
16
Let u(g) = 31*g - 102. Give u(3).
-9
Let c(b) = -37*b**3 - 5*b**2 - 19*b - 20. What is c(-2)?
294
Let v(z) = -z**3 + 10*z**2 + 10*z - 5. What is v(10)?
95
Let j(k) = 3*k**3 + 11*k**2 - 10*k - 33. Calculate j(-4).
-9
Let v(o) = 5*o**3 - 7*o**2 - 27*o + 42. Calculate v(2).
0
Let z(x) = -343*x - 64814. What is z(-189)?
13
Let o(l) = -2*l**3 + 15*l**2 + 39*l + 5. Give o(10).
-105
Let b(h) = -h**3 - 8*h**2 - 33*h - 428. Calculate b(-9).
-50
Let v(u) = -u**3 - 5*u**2 + 34*u + 132. Give v(-7).
-8
Let q(f) = -13*f + 124. Determine q(10).
-6
Let s(u) = -86*u + 276. What is s(3)?
18
Let y(p) = -2*p**2 - 80*p - 84. What is y(-38)?
68
Let y(c) = 509*c - 5563. What is y(11)?
36
Let p(c) = c**3 - 52*c**2 - 5*c + 212. Determine p(52).
-48
Let h(l) = -2818*l + 36642. Give h(13).
8
Let v(p) = p**3 - p**2 - 101*p - 18. Determine v(13).
697
Let k(z) = z**2 - 98*z + 959. Determine k(87).
2
Let z(b) = b**2 - 42*b - 333. Determine z(48).
-45
Let x(k) = k**2 - 183*k + 7248. Give x(58).
-2
Let k(g) = 6*g - 154. Calculate k(25).
-4
Let j(u) = 29*u + 422. Calculate j(-15).
-13
Let c(q) = -q**2 - 7515*q - 30046. What is c(-4)?
-2
Let n(j) = 32152*j + 257217. Calculate n(-8).
1
Let t(x) = -4276*x - 4326. Give t(-1).
-50
Let i(v) = 7*v**3 + 2*v**2 - 1. Determine i(1).
8
Let m(b) = b**2 - 19*b - 1093. Give m(43).
-61
Let q(l) = l**2 + 140*l - 1699. Determine q(11).
-38
Let m(o) = -o**3 + 4*o**2 - 35*o + 109. Give m(3).
13
Let v(t) = t**2 - 20*t + 98. Determine v(11).
-1
Let d(q) = 4*q**2 + 119*q + 680. What is d(-21)?
-55
Let o(q) = -q**3 + 5*q**2 - 22*q + 91. Calculate o(5).
-19
Let t(s) = s**3 + 19*s**2 + 66*s + 32. Determine t(-15).
-58
Let o(q) = -12*q - 51. What is o(-3)?
-15
Let v(a) = -5*a**2 + 111*a - 213. What is v(20)?
7
Let o(h) = -15*h + 627. Give o(42).
-3
Let g(d) = -d**3 + 24*d**2 + 174*d + 36. What is g(30)?
-144
Let m(r) = -25*r - 2039. Calculate m(-80).
-39
Let r(v) = 241*v + 57120. Calculate r(-237).
3
Let m(v) = -v**3 - 42*v**2 - 319*v + 20. What is m(-32)?
-12
Let v(s) = 19*s**2 - 2360*s + 491. Give v(124).
-5
Let p(f) = -33*f - 7. Give p(7).
-238
Let c(z) = z**3 + 16*z**2 + 56*z + 7. Determine c(-11).
-4
Let i(x) = x**3 - 21*x**2 + 22*x - 189. What is i(20)?
-149
Let z(k) = -k**3 - 13*k**2 + 15*k - 41. What is z(-14)?
-55
Let y(u) = 3*u**2 + 89*u + 176. Calculate y(-2).
10
Let a(b) = -4*b + 76. What is a(8)?
44
Let x(n) = -n**2 - 77*n + 2439. What is x(24)?
15
Let n(f) = -5*f**2 - 76*f + 608. Calculate n(6).
-28
Let c(k) = k**3 - 36*k**2 + 278*k + 417. Give c(14).
-3
Let b(x) = -204*x + 1841. Give b(9).
5
Let m(f) = -2152*f - 2145. Determine m(-1).
7
Let d(m) = -25*m**2 + 575*m - 17. Determine d(23).
-17
Let t(w) = -5*w**3 - 2*w**2 + w - 4. Calculate t(3).
-154
Let c(n) = 13*n - 55. What is c(9)?
62
Let g(z) = 31*z - 32. What is g(-4)?
-156
Let q(x) = -x**2 - 150*x - 2784. What is q(-129)?
-75
Let c(w) = -61*w**2 + 2810*w - 183. Determine c(46).
1
Let d(l) = 4*l**3 + 18*l**2 - 10*l - 17. Calculate d(-5).
-17
Let h(w) = -14*w - 10. Calculate h(6).
-94
Let s(c) = -c**3 + 6*c**2 + 70*c - 422. Calculate s(7).
19
Let t(z) = -z**2 + 25*z - 37. Determine t(19).
77
Let r(g) = -g**3 - 12*g**2 - 9*g - 10. Give r(-11).
-32
Let j(g) = -52*g - 1298. What is j(-25)?
2
Let g(h) = 42*h - 28. Give g(-2).
-112
Let l(i) = -27*i**2 + 13*i - 11. Give l(1).
-25
Let v(g)